{"id":388,"date":"2020-03-05T22:45:46","date_gmt":"2020-03-06T01:45:46","guid":{"rendered":"http:\/\/higashi.com.br\/site\/?page_id=388"},"modified":"2020-03-13T16:34:28","modified_gmt":"2020-03-13T19:34:28","slug":"societario","status":"publish","type":"page","link":"https:\/\/higashi.com.br\/site\/societario\/","title":{"rendered":"Societ\u00e1rio"},"content":{"rendered":"<p>Para se obter sucesso em uma opera\u00e7\u00e3o societ\u00e1ria, \u00e9 necess\u00e1rio desenvolver a estrutura correta, tendo em vista os objetivos do cliente, passando por uma an\u00e1lise de risco cuidadosa e planejada.<\/p>\n<p>Oferecemos, dentro do contexto societ\u00e1rio, as seguintes solu\u00e7\u00f5es:<\/p>\n<ul>\n<li>Acordos para a aquisi\u00e7\u00e3o de participa\u00e7\u00e3o no capital social de empresas;<\/li>\n<li>Estrutura\u00e7\u00e3o, dissolu\u00e7\u00e3o, liquida\u00e7\u00e3o, divis\u00e3o, cis\u00e3o, incorpora\u00e7\u00e3o e transforma\u00e7\u00e3o societ\u00e1ria;<\/li>\n<li>Constitui\u00e7\u00e3o de empresas, sociedades e funda\u00e7\u00f5es;<\/li>\n<li>Resolu\u00e7\u00f5es de s\u00f3cios; altera\u00e7\u00f5es de contratos sociais e estatutos sociais;<\/li>\n<li>Realiza\u00e7\u00e3o de Atas de assembl\u00e9ias de s\u00f3cios; autoriza\u00e7\u00f5es societ\u00e1rias e acompanhamento de registro de documentos societ\u00e1rios nas Juntas Comerciais;<\/li>\n<\/ul>\n<div align=\"center\">&nbsp;<\/div>\n<div align=\"center\">&nbsp;<\/div>\n<div align=\"center\">FALE COM UM ADVOGADO<\/div>\n<div align=\"center\">&nbsp;<\/div>\n<div align=\"center\">\n<div class=\"wpcf7 no-js\" id=\"wpcf7-f96-o1\" lang=\"en-US\" dir=\"ltr\" data-wpcf7-id=\"96\">\n<div class=\"screen-reader-response\"><p role=\"status\" aria-live=\"polite\" aria-atomic=\"true\"><\/p> <ul><\/ul><\/div>\n<form action=\"\/site\/wp-json\/wp\/v2\/pages\/388#wpcf7-f96-o1\" method=\"post\" class=\"wpcf7-form init\" aria-label=\"Contact form\" novalidate=\"novalidate\" data-status=\"init\">\n<div style=\"display: none;\">\n<input type=\"hidden\" name=\"_wpcf7\" value=\"96\" \/>\n<input type=\"hidden\" name=\"_wpcf7_version\" value=\"6.0.6\" \/>\n<input type=\"hidden\" name=\"_wpcf7_locale\" value=\"en_US\" \/>\n<input type=\"hidden\" name=\"_wpcf7_unit_tag\" value=\"wpcf7-f96-o1\" \/>\n<input type=\"hidden\" name=\"_wpcf7_container_post\" value=\"0\" \/>\n<input type=\"hidden\" name=\"_wpcf7_posted_data_hash\" value=\"\" \/>\n<\/div>\n<div class=\"col-sm-4 col-md-4 col-lg-4\">\n\t<p><span class=\"wpcf7-form-control-wrap\" data-name=\"your-name\"><input size=\"40\" maxlength=\"400\" class=\"wpcf7-form-control wpcf7-text wpcf7-validates-as-required\" aria-required=\"true\" aria-invalid=\"false\" placeholder=\"Nome\" value=\"\" type=\"text\" name=\"your-name\" \/><\/span>\n\t<\/p>\n<\/div>\n<div class=\"col-sm-4 col-md-4 col-lg-4\">\n\t<p><span class=\"wpcf7-form-control-wrap\" data-name=\"your-email\"><input size=\"40\" maxlength=\"400\" class=\"wpcf7-form-control wpcf7-email wpcf7-validates-as-required wpcf7-text wpcf7-validates-as-email\" aria-required=\"true\" aria-invalid=\"false\" placeholder=\"E-mail\" value=\"\" type=\"email\" name=\"your-email\" \/><\/span>\n\t<\/p>\n<\/div>\n<div class=\"col-sm-4 col-md-4 col-lg-4\">\n\t<p><span class=\"wpcf7-form-control-wrap\" data-name=\"your-subject\"><input size=\"40\" maxlength=\"400\" class=\"wpcf7-form-control wpcf7-text\" aria-invalid=\"false\" placeholder=\"Assunto\" value=\"\" type=\"text\" name=\"your-subject\" \/><\/span>\n\t<\/p>\n<\/div>\n<div class=\"make-space\">\n\t<p><span class=\"wpcf7-form-control-wrap\" data-name=\"your-message\"><textarea cols=\"40\" rows=\"10\" maxlength=\"2000\" class=\"wpcf7-form-control wpcf7-textarea wpcf7-validates-as-required\" aria-required=\"true\" aria-invalid=\"false\" placeholder=\"Mensagem\" name=\"your-message\"><\/textarea><\/span>\n\t<\/p>\n<\/div>\n<div>\n\t<p><input class=\"wpcf7-form-control wpcf7-submit has-spinner\" type=\"submit\" value=\"Entrar em Contato\" \/>\n\t<\/p>\n<\/div><div class=\"wpcf7-response-output\" aria-hidden=\"true\"><\/div>\n<\/form>\n<\/div>\n<\/div>\n","protected":false},"excerpt":{"rendered":"<p>Para se obter sucesso em uma opera\u00e7\u00e3o societ\u00e1ria, \u00e9 necess\u00e1rio desenvolver a estrutura correta, tendo em vista os objetivos do cliente, passando por uma an\u00e1lise de risco cuidadosa e planejada. Oferecemos, dentro do contexto societ\u00e1rio, as seguintes solu\u00e7\u00f5es: Acordos para a aquisi\u00e7\u00e3o de participa\u00e7\u00e3o no capital social de empresas; Estrutura\u00e7\u00e3o, dissolu\u00e7\u00e3o, liquida\u00e7\u00e3o, divis\u00e3o, cis\u00e3o, incorpora\u00e7\u00e3o..<\/p>\n","protected":false},"author":1,"featured_media":0,"parent":0,"menu_order":0,"comment_status":"closed","ping_status":"closed","template":"","meta":{"_joinchat":[],"footnotes":"","_links_to":"","_links_to_target":""},"class_list":["post-388","page","type-page","status-publish","hentry"],"_links":{"self":[{"href":"https:\/\/higashi.com.br\/site\/wp-json\/wp\/v2\/pages\/388","targetHints":{"allow":["GET"]}}],"collection":[{"href":"https:\/\/higashi.com.br\/site\/wp-json\/wp\/v2\/pages"}],"about":[{"href":"https:\/\/higashi.com.br\/site\/wp-json\/wp\/v2\/types\/page"}],"author":[{"embeddable":true,"href":"https:\/\/higashi.com.br\/site\/wp-json\/wp\/v2\/users\/1"}],"replies":[{"embeddable":true,"href":"https:\/\/higashi.com.br\/site\/wp-json\/wp\/v2\/comments?post=388"}],"version-history":[{"count":4,"href":"https:\/\/higashi.com.br\/site\/wp-json\/wp\/v2\/pages\/388\/revisions"}],"predecessor-version":[{"id":485,"href":"https:\/\/higashi.com.br\/site\/wp-json\/wp\/v2\/pages\/388\/revisions\/485"}],"wp:attachment":[{"href":"https:\/\/higashi.com.br\/site\/wp-json\/wp\/v2\/media?parent=388"}],"curies":[{"name":"wp","href":"https:\/\/api.w.org\/{rel}","templated":true}]}}